t n(g) = 4*g**2 - 122*g + 802. Determine n(27).
424
Let k(n) = 863*n + 38778. Give k(-45).
-57
Let n(b) = -15*b**3 + 3*b**2 + 92*b - 190. Determine n(2).
-114
Let o(j) = -43293*j + 216519. Determine o(5).
54
Let l(q) = 7473*q + 5806518. Give l(-777).
-3
Let c(l) = 459*l + 18538. Give c(-40).
178
Let t(w) = 3050*w + 1506619. What is t(-494)?
-81
Let p(l) = l**3 - 28*l**2 - 4724*l + 115690. Determine p(24).
10
Let j(w) = -w**3 - w**2 + 3173*w + 6361. Calculate j(-2).
19
Let j(x) = -x**3 + 567*x**2 - 2820*x + 65. What is j(5)?
15
Let t(n) = n**3 - 236*n - 82. Calculate t(-15).
83
Let u(a) = -19728*a + 2722449. Give u(138).
-15
Let t(y) = y**3 + 417*y**2 - 1708*y + 86. Determine t(4).
-10
Let r(h) = h**3 - 210*h**2 - 2425*h - 1379. Calculate r(221).
-53
Let u(r) = 4569*r - 260383. Give u(57).
50
Let j(h) = 2*h**2 - 327*h + 218. What is j(162)?
-268
Let d(t) = -t**3 - 37*t**2 - 142*t - 97. Give d(-29).
-2707
Let n(b) = -3*b**3 - b**2 + 33*b + 111. Give n(-5).
296
Let n(k) = k**2 + 1272*k + 320991. Determine n(-347).
16
Let b(s) = -55*s**2 + 7094*s + 177. What is b(129)?
48
Let z(d) = 244*d + 3371. What is z(-18)?
-1021
Let p(d) = 3*d**3 - 85*d**2 + 306*d + 116. What is p(26)?
3340
Let k(v) = 2*v**3 - 815*v**2 - 2890*v + 5369. Determine k(411).
26
Let f(d) = 11825*d - 3358297. Calculate f(284).
3
Let k(y) = y**2 - 3141*y + 184947. Give k(60).
87
Let w(h) = 4121*h + 8113. What is w(-2)?
-129
Let z(r) = -r**3 + 250*r**2 + 9022*r + 604. What is z(282)?
40
Let j(d) = 72*d + 3547. Give j(-39).
739
Let z(b) = -9*b**2 + 2117*b - 16366. Calculate z(8).
-6
Let d(v) = 5*v**2 + 616*v + 748. Determine d(-122).
16
Let x(w) = 16041*w + 2919466. Determine x(-182).
4
Let t(l) = -569944*l - 3419670. Give t(-6).
-6
Let h(v) = -9*v**2 - 108*v + 6733. Calculate h(22).
1
Let g(n) = 1840*n**2 + 1276961*n + 691. Calculate g(-694).
-3
Let i(t) = -2*t**2 + 1076*t + 54839. Give i(-47).
-151
Let x(c) = -c**3 - 184*c**2 - 1611*c + 1292. Calculate x(-10).
2
Let h(p) = -4*p**3 - 2*p**2 + 21*p + 108. What is h(0)?
108
Let m(u) = -4*u**2 - 444*u + 5687. Give m(-114).
4319
Let n(l) = -l**2 - 120*l + 64049. Give n(200).
49
Let m(n) = 5*n**2 - 253*n + 2645. Calculate m(36).
17
Let s(q) = -3*q**2 - 178*q + 12375. Give s(41).
34
Let w(d) = -1133*d**2 + 4536*d - 14. What is w(4)?
2
Let h(m) = 48*m**3 + 437*m**2 - 30*m - 680. Calculate h(-9).
-5
Let f(a) = -a**2 - 59*a + 5778. Give f(44).
1246
Let i(y) = -5*y**2 - 72*y - 1215. Determine i(-20).
-1775
Let d(i) = 1246*i - 48074. Give d(39).
520
Let c(v) = -v**2 + 374*v + 8272. Give c(-21).
-23
Let p(q) = q**2 - 32*q - 4926. What is p(88)?
2
Let i(o) = 2*o**3 + 42*o**2 + 145*o + 3057. What is i(-21)?
12
Let g(b) = -23525*b + 940927. Give g(40).
-73
Let k(l) = 3192*l - 12816. Calculate k(4).
-48
Let u(b) = -28747*b + 143705. Give u(5).
-30
Let r(s) = s**2 - 684*s + 75009. Determine r(547).
70
Let u(k) = 2*k**3 + 809*k**2 + 1135*k - 29828. What is u(-403)?
-6
Let q(j) = -j**2 - 6962*j - 1391731. Determine q(-206).
5
Let j(o) = -574*o - 32430. Calculate j(-56).
-286
Let i(b) = b**2 + 2841*b - 110950. Calculate i(39).
1370
Let m(f) = -f**2 - 70*f + 673. Determine m(11).
-218
Let v(y) = y**3 + 9*y**2 - 150*y - 41. What is v(9)?
67
Let g(t) = -4121*t + 17125. Determine g(5).
-3480
Let v(s) = 131869*s - 395568. Calculate v(3).
39
Let w(y) = 2*y**3 - 62*y**2 - 1685*y - 814. Give w(-17).
87
Let y(d) = 33*d**3 - 757*d**2 - 5*d - 119. Calculate y(23).
824
Let c(b) = b**3 - 92*b**2 + 80*b - 16485. What is c(93)?
-396
Let j(y) = 152*y**2 + 1657*y + 67. Give j(-11).
232
Let n(f) = -2*f**2 + 61*f - 471. Give n(45).
-1776
Let r(o) = -127*o + 5507. Give r(45).
-208
Let w(c) = c**3 - 131*c**2 + 385*c - 300. What is w(128)?
-172
Let b(t) = 2*t**3 + 291*t**2 - 732*t + 934. What is b(-148)?
-250
Let c(r) = -4*r**3 + 36*r**2 + 75*r + 21. Calculate c(11).
-122
Let d(g) = 1060*g + 19135. Calculate d(-18).
55
Let y(f) = 5*f**2 - 199*f + 1141. Determine y(8).
-131
Let p(z) = 3298*z - 26404. Give p(8).
-20
Let x(b) = -b**2 + 22408*b - 156838. What is x(7)?
-31
Let g(t) = t**3 - 103*t**2 + 503*t - 63166. What is g(104)?
-38
Let q(k) = 8*k**2 - 16350*k - 267789. Calculate q(2060).
11
Let y(v) = v**3 - 200*v**2 - 6*v + 947. Determine y(200).
-253
Let x(p) = p**3 - 68*p**2 + 89*p + 87. What is x(66)?
-2751
Let z(h) = -2068*h**2 + 16446*h + 778. Determine z(8).
-6
Let m(t) = -91693*t - 366934. Determine m(-4).
-162
Let z(k) = k**3 - 8*k**2 - 45*k + 337. Give z(13).
597
Let z(n) = -13*n**3 - 32*n**2 + 31*n. Give z(1).
-14
Let j(o) = 261*o - 28111. Determine j(107).
-184
Let l(n) = 996*n**2 - 20*n - 21. Give l(-1).
995
Let f(w) = 2792*w + 429833. Determine f(-154).
-135
Let g(o) = -1676*o - 365357. Calculate g(-218).
11
Let o(s) = -2*s**3 + 96*s**2 - 622*s + 46. Calculate o(8).
190
Let w(b) = -3*b**2 + 10823*b + 1066664. Calculate w(-96).
8
Let i(z) = -2160*z - 5424. Determine i(-2).
-1104
Let x(j) = -j**3 - 44*j**2 - 443*j - 227. Determine x(-24).
-1115
Let c(f) = 118*f**2 + 157*f - 378. Determine c(2).
408
Let d(g) = 428*g - 3430. Give d(5).
-1290
Let s(p) = -118*p - 29114. Calculate s(-244).
-322
Let o(j) = -3*j**2 - 8113*j + 122371. Give o(15).
1
Let z(r) = -3215*r + 80313. Calculate z(25).
-62
Let s(f) = 59*f**2 - 948*f + 32. What is s(8)?
-3776
Let h(p) = -p**3 + 60*p**2 - 904*p + 29. Calculate h(25).
-696
Let l(m) = -757*m - 16068. What is l(-26)?
3614
Let v(s) = -s**3 + 256*s**2 - 10298*s - 69. Give v(50).
31
Let j(r) = 694*r - 2103. Calculate j(5).
1367
Let a(u) = -u**3 - 237*u**2 - 2079*u - 6166. Give a(-228).
-10
Let z(p) = -p**3 - 138*p**2 - 1824*p + 2569. Give z(-123).
-14
Let k(s) = 942*s - 31544. Give k(34).
484
Let q(o) = o**3 + 43*o**2 + 393*o + 100. Determine q(-30).
10
Let y(c) = 15*c**2 - 781*c - 1550. Give y(54).
16
Let j(o) = 291*o**3 + 724*o**2 + 5*o + 2. Give j(-2).
560
Let t(k) = 252469*k - 6564115. Calculate t(26).
79
Let y(u) = 4*u**3 - 8*u**2 - 140*u + 1185. Determine y(8).
1601
Let i(g) = 14*g**2 + 9740*g - 2765. Determine i(-696).
19
Let z(y) = -3*y**2 - 226*y - 3091. Calculate z(-18).
5
Let w(h) = -13*h**3 + 3498*h**2 - 242*h - 7253. What is w(269)?
10
Let r(s) = 145235*s - 7842693. Give r(54).
-3
Let p(t) = t**3 - 299*t**2 - 581*t - 6270. Calculate p(301).
51
Let c(k) = 2*k**3 - 70*k**2 + 399*k - 177. Determine c(28).
19
Let l(a) = 3154*a - 186088. Determine l(59).
-2
Let k(t) = 15*t**3 + t**2 - 60*t + 125. Calculate k(2).
129
Let h(c) = -c**2 + 190*c - 377. Determine h(199).
-2168
Let s(w) = 103*w + 2988. Calculate s(-25).
413
Let d(v) = v**3 + 652*v**2 - 797*v + 334165. Give d(-654).
-29
Let v(t) = -133*t**2 + 1014*t + 679. What is v(8)?
279
Let k(m) = 2*m**3 + 364*m**2 + 467*m + 19179. Give k(-181).
174
Let b(z) = 1105*z + 8835. Give b(-8).
-5
Let d(n) = 66*n + 5311. Determine d(-80).
31
Let w(g) = g**2 + 12451*g + 124407. Determine w(-10).
-3
Let b(z) = -z**2 + 1578*z + 20656. Give b(-13).
-27
Let t(v) = -729566*v + 19698280. Give t(27).
-2
Let h(c) = 1063*c - 679. What is h(2)?
1447
Let l(k) = -k**3 - 107*k**2 - 99*k + 348. Give l(-106).
-394
Let x(l) = -l**3 - 84*l**2 + 178*l + 563. What is x(-86)?
47
Let t(v) = -387*v - 10730. Calculate t(-28).
106
Let i(y) = -79*y**2 + 566*y - 862. Calculate i(5).
-7
Let v(p) = 4*p**3 + 26*p**2 + 27*p - 64. Give v(-4).
-12
Let f(a) = a**3 + 20*a**2 - 39*a - 446. Determine f(-21).
-68
Let d(x) = 35*x**2 + 736*x + 40. What is d(-21)?
19
Let u(s) = 53*s + 12246. Give u(-232).
-50
Let o(y) = -y**2 + 111*y - 2840. Determine o(59).
228
Let s(a) = -687*a - 52207. Determine s(-76).
5
Let l(t) = -2*t**3 - 317*t**2 + 6155*t + 62. Calculate l(-176).
942
Let j(n) = -3*n**3 - 43*n**2 + 567*n - 1371. Give j(4).
17
Let v(o) = 70*o**2 + 917*o - 5460. What is v(6)?
2562
Let w(g) = 7*g**2 - 1123*g - 2929. What is w(163)?
5
Let z(j) = 2*j**2 + 93*j + 2545. Give z(-36).
1789
Let u(o) = 145*o**2 - 1197*o + 4744. What is u(4)?
2276
Let d(j) = -5*j**3 + 60*j**2 - 4188*j + 55283. Give d(13).
-6
Let l(p) = -6*p**3 - 18*p**2 - 64*p - 293. Determine l(-5).
327
Let f(x) = x**2 - 85*x + 1413. Calculate f(60).
-87
Let h(a) = -23117*a + 208009. Give h(9).
-44
Let x(v) = 866*v**2 - 4332*v + 19. What is x(5)?
9
Let i(p) = p**3 + 14*p**2 - 156*p + 332. Calculate i(6).
116
Let h(j) = 872*j + 2777. What is h(-3)?
161
Let r(h) = -56